
-31
Let d(b) = -31*b + 36. Let q be d(1). Let m(z) = 7*z - 32. Determine m(q).
3
Let l(j) = -j**3 - 6*j**2 + 5. Let v be l(-6). Let h = v + 0. Let i(n) = n - 14. Let s(g) = g**2 - 12*g + 101. Let y(w) = 7*i(w) + s(w). Give y(h).
3
Let n(f) = 11 - 78*f + 166*f - 90*f. Calculate n(8).
-5
Let q(o) = -o - 23. Let x = -6176 - -6155. Calculate q(x).
-2
Let h be 0/3 + -2 + -4. Let n(b) = 44*b - 10. Let y(k) = -25*k + 5. Let o(v) = 4*n(v) + 7*y(v). Calculate o(h).
-11
Let b(x) = 5*x - 15. Let h(y) = 11*y - 44. Let j(g) = -9*b(g) + 4*h(g). Give j(8).
-49
Let o(j) = j**2 - 14*j - 3. Suppose -1986 = -145*t - 391. What is o(t)?
-36
Let i(g) be the first derivative of -g**7/840 - g**4/24 - 11*g**3 + 121. Let q(h) be the third derivative of i(h). Calculate q(-1).
0
Suppose 4*x + 3*q = 6*q + 380, -2*x + 2*q + 192 = 0. Let y = x + -96. Let l(h) = 3*h. What is l(y)?
-12
Let z be ((-1)/2)/(1/(-6)). Let p(s) = -9 + 1 - 7*s + 3 + z*s. Calculate p(-2).
3
Let d(l) = 215*l**2 - 444*l**2 + 4*l + 4 + 224*l**2. Determine d(4).
-60
Let x(s) = 15*s + 8. Let n(l) = 31*l + 13. Let i be 62/(-22) - ((-40)/44)/(-5). Let y(v) = i*n(v) + 5*x(v). Let j be (1/(-3))/((-7)/(-21)). Determine y(j).
19
Let o = 31783 + -31797. Let a(d) be the first derivative of d**4/4 + 14*d**3/3 - d**2/2 - 13*d - 2. Determine a(o).
1
Let t be -14 - 20*14/(-35). Let a(v) = 7*v + 5. Calculate a(t).
-37
Let s = -81 - -40. Let d = s + 41. Suppose -a - 2 - 3 = d. Let m(v) = v**2 + 4*v - 2. Give m(a).
3
Let p be 1/(((-20)/8)/(-5)). Suppose -4*s = 3*l - 21, 4*l - 3*s + p = 5. Let a(j) = -3*j - 4. Determine a(l).
-13
Let m(d) be the third derivative of -5*d**4/12 + 138*d**2 + 7*d. Determine m(0).
0
Let w be (4/(-10))/(3/15). Suppose 1 = 4*b - 3. Let t(y) = -1198*y**2 - 5*y**3 + 1198*y**2 + 3*y + b + 4*y**3. Calculate t(w).
3
Suppose -20 = -5*r + 10. Let b(y) = -83 + 49 - 7*y + 6*y + 47. Determine b(r).
7
Suppose 268*z - 271*z = 24. Let l(r) = -r - 5. Let c(o) = -o - 4. Let n(x) = 5*c(x) - 4*l(x). Let d(j) = -3*j + 2. Let q(m) = -d(m) + 5*n(m). Calculate q(z).
14
Suppose -31*k - 2*x - 14 = -29*k, -5*k + 2*x = -14. Let q(t) be the second derivative of 1/20*t**5 - 33*t + 1/3*t**3 + 1/3*t**4 - 2*t**2 + k. What is q(-4)?
-12
Suppose -5*d + 18*d - 13 = 0. Suppose 2*x + 2 = 0, -o - 4*x = d - 4. Let n(h) = 3*h - h - 13 - h. Determine n(o).
-6
Let u(o) = -2*o - 10. Let v(d) = 6*d + 58. Let r(b) = -4*u(b) - v(b). Give r(8).
-2
Let w(k) be the second derivative of -k**5/20 + 7*k**4/12 - k**3 + 3*k**2 + 12584*k. Let n be (-8)/3*9/6. Let v = n - -10. Calculate w(v).
6
Let a(c) = c**3 - 6*c**2 + 5*c + 6. Suppose -57*s + 71 = -8*s - 27. What is a(s)?
0
Let z = -1251 + 1252. Let a be ((-6)/4 + 2)*34. Let m(x) = -16*x**2 - x + a*x**2 + 3 + z. Give m(3).
10
Let w(a) = -a**3 + 22*a**2 - 16*a + 11. Let n be w(21). Let y = -109 + n. Let g(p) = p - 10. Calculate g(y).
-3
Let a = -1209 - -853. Let m = 350 + a. Let f(l) = l**3 + 4*l**2 - 11*l + 5. Calculate f(m).
-1
Suppose c = 0, -7*p - 4 = -11*p - 5*c. Let a(h) = -7*h**3 - 7*h**2 - 5*h + 6. Let b(q) = -q**2 - q + 1. Let g(o) = a(o) - 5*b(o). Determine g(p).
-8
Let i be (-18)/4*4/(-3). Let m(t) = -t + 1. Suppose -27*g = -51*g - 24. Let l(x) = x**2 + 1. Let j(w) = g*l(w) - 5*m(w). Give j(i).
-12
Let g(d) = d + 18. Let p be g(-14). Suppose 0 = 5*h - p - 11. Suppose -6*i = 33 - h. Let b(a) = -a + 1. Give b(i).
6
Suppose 0*a + 38 = 5*x - a, 37 = 4*x - 3*a. Suppose -4*v - 21 = x. Let q(i) = i**2 + 5*i - 4. Give q(v).
10
Let u(z) = -34*z + 4*z + 3*z + 9*z + 11*z + 26. What is u(7)?
-23
Let n(o) = 1041*o**2 - 342*o**2 - 346*o**2 - 16 - 5*o - 355*o**2 + 3. What is n(-2)?
-11
Let v(d) = 2*d**2 - 17*d - 8. Let o be v(9). Let b(c) = 16*c - o - 27*c - 12*c. Calculate b(-1).
22
Let w(h) = -46*h**2 - 166*h + 23. Let q(x) = -8*x**2 - 29*x + 4. Let m(o) = 17*q(o) - 3*w(o). Suppose 0*z = 5*z + 20. What is m(z)?
11
Let h(x) = -x - 18. Let n = -461 - -474. Calculate h(n).
-31
Suppose 46*u - 288 = -12. Let c(v) be the first derivative of -v**3/3 + 3*v**2 + 20. Give c(u).
0
Let l be (105/(-45))/((-70)/(-120)). Let s(z) be the second derivative of -z**4/12 + z**2/2 + 2*z. Calculate s(l).
-15
Let z(x) = -5*x**3 - 4*x**2 + 5*x - 2. Let o be z(1). Let b(y) be the first derivative of 22 + 5/2*y**2 - 2*y + 1/3*y**3. Give b(o).
4
Let k(b) = 24*b**2 - 9*b**2 - 16*b**2 - 6 + 4. What is k(6)?
-38
Let a be (-39 - -31)*(0 - (0 - -1)). Let h(o) = -o**2 + 9*o - 20. Calculate h(a).
-12
Let o(p) = 7*p - 9. Let q(k) = 17*k - 23. Let r(h) = -69*h + 94. Let y(x) = -9*q(x) - 2*r(x). Suppose -23 = -3*n - 5. Let b(v) = n*y(v) + 13*o(v). Give b(5).
2
Let x(a) = -a**2 - 15*a + 9. Let l be -34 - 1*(-27 + 6). What is x(l)?
35
Let h(n) be the third derivative of n**5/60 + 2*n**3/3 - 86*n**2. Let g = -4 - -2. Let i(c) = 2*c**2 + 9. Let y(k) = g*i(k) + 5*h(k). What is y(-2)?
6
Let a be (40 - 40)*(-1)/(-1). Let h(g) be the second derivative of -1/6*g**3 - 10*g + 0*g**2 + a. What is h(2)?
-2
Let f(p) = -295 - 297 + 5*p - 305 + 884 - 2*p. Suppose 3*y + z - 21 = 0, -2*z = y - 2*y. Give f(y).
5
Let d(v) = v**3 + 3*v - 2. Let z be d(1). Let x(a) = 8*a**z + 1 + 1 - 1 - 21*a**2 + 11*a**2. Determine x(-1).
-1
Suppose -5*t + 26 = 4*d, -6*d + 5*d = -3*t + 2. Let h(l) = 2*l + 2 - 3*l**3 + t*l**3 - 5 + 2 + l**2 + 4. Determine h(-2).
11
Let s(g) = g**2 - 6*g + 7. Suppose -4*o - 64 = 5*z - 174, -o + z = -23. Suppose 10 = -2*q - 4*m, -o = -2*q - 0*q + 3*m. What is s(q)?
2
Suppose 6*i = i + 20, -2*t + i = -772. Suppose 5*p = -403 + t. Let z(w) = -w**3 - 2*w**2 + 2*w - 1. Give z(p).
2
Let l(h) = h**2 + 6*h + 7. Let x be (-6)/14 - 4454/(-1834). Let n be 4 + 2 + 2/(-1). Suppose 3*z + 40 = -4*v, -22 = 2*v + n*z - x*z. Give l(v).
14
Let p(w) = 14*w - 65. Let n be (22 + -17 - -3)*(1/(-2) - -1). Give p(n).
-9
Let c(a) = -a**3 + 3*a**2 + a - 1. Let r be 16 + -11 + 1*-5. Let x be c(r). Let y(s) = -11*s. Calculate y(x).
11
Suppose -31 + 1 = 3*u. Let f(n) = -50*n + 23. Let q(z) = 17*z - 7. Let g(x) = -f(x) - 3*q(x). Determine g(u).
8
Let r(b) = -b**3 - 34*b**2 - 67*b + 9. Let q be r(-2). Let a(g) = -2*g + 34. Determine a(q).
4
Let u(c) = 7*c**2 - c + 2. Let s be u(1). Suppose -5*n - 33 + s = 0. Let z(v) = 0*v + v**2 - 6*v + 14*v - 5*v. Determine z(n).
10
Let m(f) be the third derivative of -f**4/6 - 11*f**3/6 + 72*f**2. Give m(-3).
1
Suppose 7*j - 1188 = -29*j. Suppose -w - 40 = -j. Let x(i) = i**3 + 6*i**2 - 8*i - 14. Determine x(w).
-7
Let j(q) = 170*q - 25. Let o(d) = -297*d + 49. Let f(g) = -7*j(g) - 4*o(g). Give f(-10).
-1
Let q(x) be the second derivative of x**3/6 + x**2/2 + 61*x. Let f(g) = -2*g**2 + 21*g + 38. Let j be f(12). Give q(j).
3
Let o be -3*1/12 + (-26)/(-8). Suppose -o*x + 26 = -10. Suppose -3*m = -0*m + x. Let p(a) = a + 3. What is p(m)?
-1
Let a(m) = -m**3 + 7*m**2 - 6*m + 6. Suppose 5*i = 5*x, -2*x = -3*x + 3. Suppose -i*o + 164 = o. Let n = 47 - o. What is a(n)?
6
Let c(a) = 6*a**2 - 2*a - 2. Let q be 14525/(-50) - (-1)/(-2) - -4. Let x = q - -290. Determine c(x).
46
Let i(z) = z**2 + 7*z - 10. Let q(n) = -3*n - 21. Let v be q(-8). Let s(h) = -2*h - 3 - h**2 + 0*h**v + 4*h + 4 - h**3. Let t be s(2). Calculate i(t).
-10
Let h be -16*(0 - 3/(-6)). Let u(g) = -g**2 - 5*g + 20. Let p be u(h). Let q(d) = -d**3 - 5*d**2 - 5*d. Give q(p).
4
Let s(i) = i + 37. Let z be (40/(-4) - -3)/1. What is s(z)?
30
Let y = 12738 + -12714. Let d(a) = a**3 - 23*a**2 - 23*a - 22. Give d(y).
2
Let z be (-602)/35*(-10)/4. Suppose 3*q - 142 = -z. Suppose 30*k - 21 = q*k. Let d(f) = -f - 6. Determine d(k).
1
Let o(b) = 0*b + 7*b - 4 - b**3 + 2*b**2 - 5*b + 2. Let l(c) = -c**2 - 62*c + 131. Let u be l(-64). Calculate o(u).
-5
Let u(w) = -w + 3. Let p be u(4). Let m(y) be the second derivative of -4*y**5/5 - y**4/6 - y**3/3 - y**2/2 + 26693*y. Determine m(p).
15
Let b(m) = 31*m - 47. Let c(j) = -90*j + 129. Let y(r) = -17*b(r) - 6*c(r). Give y(-2).
-1
Let b be (-132)/(-198)*(-9)/6. Let r(x) = 83*x**2 + 6*x + 6. Calculate r(b).
83
Let q(t) = -2*t**2 - 39*t + 73. Let k(h) = 623*h + 1848. Let m be k(-3). Give q(m).
10
Let z = -188 + 180. Let n be z + 13 - (-1 + 10). Let a(i) = i**3 + 2*i**2 - 4*i + 4. Calculate a(n).
-12
Let u(z) = -93 - 17*z + 10 + 7 - 160 - 23. Let j be u(-15). Let s(a) be the third derivative of -a**6/120 - a**5/12 - a**4/6 + 5*a**3/6 - a*